{"id":8304,"date":"2020-08-24T12:02:29","date_gmt":"2020-08-24T10:02:29","guid":{"rendered":"https:\/\/www.merget-raum.de\/?post_type=product&#038;p=8304"},"modified":"2026-01-23T11:28:52","modified_gmt":"2026-01-23T10:28:52","slug":"gecko-crypta-ii-weiss","status":"publish","type":"product","link":"https:\/\/www.merget-raum.de\/shop\/produkt\/gecko-crypta-ii-weiss\/","title":{"rendered":"GECKO CRYPTA III Wei\u00df"},"content":{"rendered":"<p>Meterware<\/p>\n<p>Stoffbreite: 142 cm<\/p>\n<p>GECKO ist ein selbsthaftendes Textil, speziell f\u00fcr Glas entwickelt. Es l\u00e4sst sich r\u00fcckstandsfrei entfernen und wieder verwenden.<\/p>\n<p>CRYPTA II ist in 17 verschiedenen Farben erh\u00e4ltlich: Schwarz, Dunkelgrau, Grau, Hellgrau, Beige, Wei\u00df, Blassgelb, Hellgelb, Orange, Hellorange, Dunkelblau, Hellblau, Graublau, Gr\u00fcn, Hellgr\u00fcn, Rot, Coral.<\/p>\n<p>Falls Sie ein Zwischenma\u00df ben\u00f6tigen (0,10 m Schritte), k\u00f6nnen Sie sich gerne an uns wenden, dies ist im Moment, aus technischen Gr\u00fcnden, nicht online m\u00f6glich.<\/p>\n<p>Die dargestellten Farben sind nicht verbindlich und k\u00f6nnen vom Original abweichen. Fordern Sie daher bitte, auf Wunsch, bei uns ein Farbmuster an.<\/p>\n<p>Wei\u00df (col. 5001)<\/p>\n","protected":false},"excerpt":{"rendered":"<p>Setzen Sie in R\u00e4umen und Geb\u00e4uden spannende Akzente und sch\u00fctzen ausgew\u00e4hlte Zonen diskret und geschmackvoll vor unerw\u00fcnschten Einblicken.<\/p>\n<p>CRYPTA II gibt es sowohl in klaren, als auch intensiven Farben mit denen Sie Ihre Fenster individuell nach Ihren W\u00fcnschen gestalten k\u00f6nnen.<\/p>\n","protected":false},"featured_media":8906,"comment_status":"open","ping_status":"closed","template":"","meta":[],"product_brand":[],"product_cat":[242],"product_tag":[258,259,251],"class_list":{"0":"post-8304","1":"product","2":"type-product","3":"status-publish","4":"has-post-thumbnail","6":"product_cat-gecko","7":"product_tag-creation-baumann","8":"product_tag-fensterdekoration","9":"product_tag-gecko","10":"product_shipping_class-rolle","11":"pa_farbe-weiss-2","12":"pa_marke-creation-baumann","13":"pa_material-71-silikon-29-polyester","15":"first","16":"instock","17":"sale","18":"taxable","19":"shipping-taxable","20":"purchasable","21":"product-type-simple"},"yoast_head":"<!-- This site is optimized with the Yoast SEO plugin v27.2 - https:\/\/yoast.com\/product\/yoast-seo-wordpress\/ -->\n<title>GECKO CRYPTA III Wei\u00df - Merget-Raumausstattung Mainaschaff<\/title>\n<meta name=\"description\" content=\"GECKO CRYPTA III Wei\u00df - Merget-Raumausstattung Mainaschaff\" \/>\n<meta name=\"robots\" content=\"index, follow, max-snippet:-1, max-image-preview:large, max-video-preview:-1\" \/>\n<link rel=\"canonical\" href=\"https:\/\/www.merget-raum.de\/shop\/produkt\/gecko-crypta-ii-weiss\/\" \/>\n<meta property=\"og:locale\" content=\"de_DE\" \/>\n<meta property=\"og:type\" content=\"article\" \/>\n<meta property=\"og:title\" content=\"GECKO CRYPTA III Wei\u00df - Merget-Raumausstattung Mainaschaff\" \/>\n<meta property=\"og:description\" content=\"GECKO CRYPTA III Wei\u00df - Merget-Raumausstattung Mainaschaff\" \/>\n<meta property=\"og:url\" content=\"https:\/\/www.merget-raum.de\/shop\/produkt\/gecko-crypta-ii-weiss\/\" \/>\n<meta property=\"og:site_name\" content=\"Merget-Raumausstattung Mainaschaff\" \/>\n<meta property=\"article:modified_time\" content=\"2026-01-23T10:28:52+00:00\" \/>\n<meta property=\"og:image\" content=\"https:\/\/www.merget-raum.de\/shop\/wp-content\/uploads\/2020\/08\/Wei\u00df.jpg\" \/>\n\t<meta property=\"og:image:width\" content=\"346\" \/>\n\t<meta property=\"og:image:height\" content=\"339\" \/>\n\t<meta property=\"og:image:type\" content=\"image\/jpeg\" \/>\n<meta name=\"twitter:card\" content=\"summary_large_image\" \/>\n<meta name=\"twitter:label1\" content=\"Gesch\u00e4tzte Lesezeit\" \/>\n\t<meta name=\"twitter:data1\" content=\"1\u00a0Minute\" \/>\n<script type=\"application\/ld+json\" class=\"yoast-schema-graph\">{\"@context\":\"https:\/\/schema.org\",\"@graph\":[{\"@type\":\"WebPage\",\"@id\":\"https:\/\/www.merget-raum.de\/shop\/produkt\/gecko-crypta-ii-weiss\/\",\"url\":\"https:\/\/www.merget-raum.de\/shop\/produkt\/gecko-crypta-ii-weiss\/\",\"name\":\"GECKO CRYPTA III Wei\u00df - Merget-Raumausstattung Mainaschaff\",\"isPartOf\":{\"@id\":\"https:\/\/www.merget-raum.de\/shop\/#website\"},\"primaryImageOfPage\":{\"@id\":\"https:\/\/www.merget-raum.de\/shop\/produkt\/gecko-crypta-ii-weiss\/#primaryimage\"},\"image\":{\"@id\":\"https:\/\/www.merget-raum.de\/shop\/produkt\/gecko-crypta-ii-weiss\/#primaryimage\"},\"thumbnailUrl\":\"https:\/\/www.merget-raum.de\/shop\/wp-content\/uploads\/2020\/08\/Wei\u00df.jpg\",\"datePublished\":\"2020-08-24T10:02:29+00:00\",\"dateModified\":\"2026-01-23T10:28:52+00:00\",\"description\":\"GECKO CRYPTA III Wei\u00df - Merget-Raumausstattung Mainaschaff\",\"breadcrumb\":{\"@id\":\"https:\/\/www.merget-raum.de\/shop\/produkt\/gecko-crypta-ii-weiss\/#breadcrumb\"},\"inLanguage\":\"de\",\"potentialAction\":[{\"@type\":\"ReadAction\",\"target\":[\"https:\/\/www.merget-raum.de\/shop\/produkt\/gecko-crypta-ii-weiss\/\"]}]},{\"@type\":\"ImageObject\",\"inLanguage\":\"de\",\"@id\":\"https:\/\/www.merget-raum.de\/shop\/produkt\/gecko-crypta-ii-weiss\/#primaryimage\",\"url\":\"https:\/\/www.merget-raum.de\/shop\/wp-content\/uploads\/2020\/08\/Wei\u00df.jpg\",\"contentUrl\":\"https:\/\/www.merget-raum.de\/shop\/wp-content\/uploads\/2020\/08\/Wei\u00df.jpg\",\"width\":346,\"height\":339},{\"@type\":\"BreadcrumbList\",\"@id\":\"https:\/\/www.merget-raum.de\/shop\/produkt\/gecko-crypta-ii-weiss\/#breadcrumb\",\"itemListElement\":[{\"@type\":\"ListItem\",\"position\":1,\"name\":\"Startseite\",\"item\":\"https:\/\/www.merget-raum.de\/shop\/\"},{\"@type\":\"ListItem\",\"position\":2,\"name\":\"Shop\",\"item\":\"https:\/\/www.merget-raum.de\/shop\/\"},{\"@type\":\"ListItem\",\"position\":3,\"name\":\"GECKO CRYPTA III Wei\u00df\"}]},{\"@type\":\"WebSite\",\"@id\":\"https:\/\/www.merget-raum.de\/shop\/#website\",\"url\":\"https:\/\/www.merget-raum.de\/shop\/\",\"name\":\"Merget-Raumausstattung Mainaschaff\",\"description\":\"Raumausstattung Merget Fachmarkt Mainaschaff &amp; Aschaffenburg\",\"potentialAction\":[{\"@type\":\"SearchAction\",\"target\":{\"@type\":\"EntryPoint\",\"urlTemplate\":\"https:\/\/www.merget-raum.de\/shop\/?s={search_term_string}\"},\"query-input\":{\"@type\":\"PropertyValueSpecification\",\"valueRequired\":true,\"valueName\":\"search_term_string\"}}],\"inLanguage\":\"de\"}]}<\/script>\n<!-- \/ Yoast SEO plugin. -->","yoast_head_json":{"title":"GECKO CRYPTA III Wei\u00df - Merget-Raumausstattung Mainaschaff","description":"GECKO CRYPTA III Wei\u00df - Merget-Raumausstattung Mainaschaff","robots":{"index":"index","follow":"follow","max-snippet":"max-snippet:-1","max-image-preview":"max-image-preview:large","max-video-preview":"max-video-preview:-1"},"canonical":"https:\/\/www.merget-raum.de\/shop\/produkt\/gecko-crypta-ii-weiss\/","og_locale":"de_DE","og_type":"article","og_title":"GECKO CRYPTA III Wei\u00df - Merget-Raumausstattung Mainaschaff","og_description":"GECKO CRYPTA III Wei\u00df - Merget-Raumausstattung Mainaschaff","og_url":"https:\/\/www.merget-raum.de\/shop\/produkt\/gecko-crypta-ii-weiss\/","og_site_name":"Merget-Raumausstattung Mainaschaff","article_modified_time":"2026-01-23T10:28:52+00:00","og_image":[{"width":346,"height":339,"url":"https:\/\/www.merget-raum.de\/shop\/wp-content\/uploads\/2020\/08\/Wei\u00df.jpg","type":"image\/jpeg"}],"twitter_card":"summary_large_image","twitter_misc":{"Gesch\u00e4tzte Lesezeit":"1\u00a0Minute"},"schema":{"@context":"https:\/\/schema.org","@graph":[{"@type":"WebPage","@id":"https:\/\/www.merget-raum.de\/shop\/produkt\/gecko-crypta-ii-weiss\/","url":"https:\/\/www.merget-raum.de\/shop\/produkt\/gecko-crypta-ii-weiss\/","name":"GECKO CRYPTA III Wei\u00df - Merget-Raumausstattung Mainaschaff","isPartOf":{"@id":"https:\/\/www.merget-raum.de\/shop\/#website"},"primaryImageOfPage":{"@id":"https:\/\/www.merget-raum.de\/shop\/produkt\/gecko-crypta-ii-weiss\/#primaryimage"},"image":{"@id":"https:\/\/www.merget-raum.de\/shop\/produkt\/gecko-crypta-ii-weiss\/#primaryimage"},"thumbnailUrl":"https:\/\/www.merget-raum.de\/shop\/wp-content\/uploads\/2020\/08\/Wei\u00df.jpg","datePublished":"2020-08-24T10:02:29+00:00","dateModified":"2026-01-23T10:28:52+00:00","description":"GECKO CRYPTA III Wei\u00df - Merget-Raumausstattung Mainaschaff","breadcrumb":{"@id":"https:\/\/www.merget-raum.de\/shop\/produkt\/gecko-crypta-ii-weiss\/#breadcrumb"},"inLanguage":"de","potentialAction":[{"@type":"ReadAction","target":["https:\/\/www.merget-raum.de\/shop\/produkt\/gecko-crypta-ii-weiss\/"]}]},{"@type":"ImageObject","inLanguage":"de","@id":"https:\/\/www.merget-raum.de\/shop\/produkt\/gecko-crypta-ii-weiss\/#primaryimage","url":"https:\/\/www.merget-raum.de\/shop\/wp-content\/uploads\/2020\/08\/Wei\u00df.jpg","contentUrl":"https:\/\/www.merget-raum.de\/shop\/wp-content\/uploads\/2020\/08\/Wei\u00df.jpg","width":346,"height":339},{"@type":"BreadcrumbList","@id":"https:\/\/www.merget-raum.de\/shop\/produkt\/gecko-crypta-ii-weiss\/#breadcrumb","itemListElement":[{"@type":"ListItem","position":1,"name":"Startseite","item":"https:\/\/www.merget-raum.de\/shop\/"},{"@type":"ListItem","position":2,"name":"Shop","item":"https:\/\/www.merget-raum.de\/shop\/"},{"@type":"ListItem","position":3,"name":"GECKO CRYPTA III Wei\u00df"}]},{"@type":"WebSite","@id":"https:\/\/www.merget-raum.de\/shop\/#website","url":"https:\/\/www.merget-raum.de\/shop\/","name":"Merget-Raumausstattung Mainaschaff","description":"Raumausstattung Merget Fachmarkt Mainaschaff &amp; Aschaffenburg","potentialAction":[{"@type":"SearchAction","target":{"@type":"EntryPoint","urlTemplate":"https:\/\/www.merget-raum.de\/shop\/?s={search_term_string}"},"query-input":{"@type":"PropertyValueSpecification","valueRequired":true,"valueName":"search_term_string"}}],"inLanguage":"de"}]}},"_links":{"self":[{"href":"https:\/\/www.merget-raum.de\/shop\/wp-json\/wp\/v2\/product\/8304","targetHints":{"allow":["GET"]}}],"collection":[{"href":"https:\/\/www.merget-raum.de\/shop\/wp-json\/wp\/v2\/product"}],"about":[{"href":"https:\/\/www.merget-raum.de\/shop\/wp-json\/wp\/v2\/types\/product"}],"replies":[{"embeddable":true,"href":"https:\/\/www.merget-raum.de\/shop\/wp-json\/wp\/v2\/comments?post=8304"}],"wp:featuredmedia":[{"embeddable":true,"href":"https:\/\/www.merget-raum.de\/shop\/wp-json\/wp\/v2\/media\/8906"}],"wp:attachment":[{"href":"https:\/\/www.merget-raum.de\/shop\/wp-json\/wp\/v2\/media?parent=8304"}],"wp:term":[{"taxonomy":"product_brand","embeddable":true,"href":"https:\/\/www.merget-raum.de\/shop\/wp-json\/wp\/v2\/product_brand?post=8304"},{"taxonomy":"product_cat","embeddable":true,"href":"https:\/\/www.merget-raum.de\/shop\/wp-json\/wp\/v2\/product_cat?post=8304"},{"taxonomy":"product_tag","embeddable":true,"href":"https:\/\/www.merget-raum.de\/shop\/wp-json\/wp\/v2\/product_tag?post=8304"}],"curies":[{"name":"wp","href":"https:\/\/api.w.org\/{rel}","templated":true}]}}