{"id":7105,"date":"2019-10-01T09:31:38","date_gmt":"2019-10-01T07:31:38","guid":{"rendered":"https:\/\/www.merget-raum.de\/?post_type=product&#038;p=7105"},"modified":"2026-01-30T11:59:43","modified_gmt":"2026-01-30T10:59:43","slug":"enzo-pellini-ledertapete-2","status":"publish","type":"product","link":"https:\/\/www.merget-raum.de\/shop\/produkt\/enzo-pellini-ledertapete-2\/","title":{"rendered":"Enzo Pellini Ledertapete Marron"},"content":{"rendered":"<p>Lederfliesen f\u00fcr die Wand &#8211; Erstellen Sie Ihre eigene Lederwand ganz einfach mit Enzo Pellini Ledertapeten. Tolle Optiken in verschiedenen Farben und Gr\u00f6\u00dfen zur individuellen Wandgestaltung ganz nach den eigenen W\u00fcnschen.<\/p>\n<p>Eine exklusive Lederwand schafft eine wundersch\u00f6ne Atmosph\u00e4re, ein alter Tisch bekommt eine edle Optik, alte T\u00fcren sehen wieder richtig gut aus.<\/p>\n<p>Gr\u00f6\u00dfe: 8 Fliesen von 25 x 50 cm, lieferbar im Karton zu je 1 m\u00b2<\/p>\n<p>Farbe: Marron<\/p>\n","protected":false},"excerpt":{"rendered":"<p>Selbstklebender Wandbelag f\u00fcr eine edle Wangdgestaltung, T\u00fcren oder Kleinm\u00f6bel<\/p>\n","protected":false},"featured_media":7106,"comment_status":"open","ping_status":"closed","template":"","meta":[],"product_brand":[],"product_cat":[184,158,179],"product_tag":[1690,1694,1692,1691,1695,1693],"class_list":{"0":"post-7105","1":"product","2":"type-product","3":"status-publish","4":"has-post-thumbnail","6":"product_cat-accessoires","7":"product_cat-ledertapeten-wandbelag-aus-leder","8":"product_cat-tapeten","9":"product_tag-enzo-pellini","10":"product_tag-leder","11":"product_tag-lederoptik","12":"product_tag-ledertapete","13":"product_tag-upcycling","14":"product_tag-wandfliesen","15":"product_shipping_class-ca-14-werktage","16":"pa_abmessung-8-fliesen-von-25-x-50-cm-lieferbar-im-karton-zu-je-1-m","17":"pa_farbe-beige-grau","18":"pa_farbe-braun-beige","19":"pa_hersteller-enzo-pellini","21":"first","22":"instock","23":"sale","24":"taxable","25":"shipping-taxable","26":"purchasable","27":"product-type-simple"},"yoast_head":"<!-- This site is optimized with the Yoast SEO plugin v27.2 - https:\/\/yoast.com\/product\/yoast-seo-wordpress\/ -->\n<title>Enzo Pellini Ledertapete Marron - Merget-Raumausstattung Mainaschaff<\/title>\n<meta name=\"description\" content=\"Enzo Pellini Ledertapete Marron - Merget-Raumausstattung Mainaschaff\" \/>\n<meta name=\"robots\" content=\"index, follow, max-snippet:-1, max-image-preview:large, max-video-preview:-1\" \/>\n<link rel=\"canonical\" href=\"https:\/\/www.merget-raum.de\/shop\/produkt\/enzo-pellini-ledertapete-2\/\" \/>\n<meta property=\"og:locale\" content=\"de_DE\" \/>\n<meta property=\"og:type\" content=\"article\" \/>\n<meta property=\"og:title\" content=\"Enzo Pellini Ledertapete Marron - Merget-Raumausstattung Mainaschaff\" \/>\n<meta property=\"og:description\" content=\"Enzo Pellini Ledertapete Marron - Merget-Raumausstattung Mainaschaff\" \/>\n<meta property=\"og:url\" content=\"https:\/\/www.merget-raum.de\/shop\/produkt\/enzo-pellini-ledertapete-2\/\" \/>\n<meta property=\"og:site_name\" content=\"Merget-Raumausstattung Mainaschaff\" \/>\n<meta property=\"article:modified_time\" content=\"2026-01-30T10:59:43+00:00\" \/>\n<meta property=\"og:image\" content=\"https:\/\/www.merget-raum.de\/shop\/wp-content\/uploads\/2019\/10\/ENZO-PELLINI-MARRON-lederen-wand-gr\u00f6\u00dfer.jpg\" \/>\n\t<meta property=\"og:image:width\" content=\"940\" \/>\n\t<meta property=\"og:image:height\" content=\"1280\" \/>\n\t<meta property=\"og:image:type\" content=\"image\/jpeg\" \/>\n<meta name=\"twitter:card\" content=\"summary_large_image\" \/>\n<meta name=\"twitter:label1\" content=\"Gesch\u00e4tzte Lesezeit\" \/>\n\t<meta name=\"twitter:data1\" content=\"1\u00a0Minute\" \/>\n<script type=\"application\/ld+json\" class=\"yoast-schema-graph\">{\"@context\":\"https:\/\/schema.org\",\"@graph\":[{\"@type\":\"WebPage\",\"@id\":\"https:\/\/www.merget-raum.de\/shop\/produkt\/enzo-pellini-ledertapete-2\/\",\"url\":\"https:\/\/www.merget-raum.de\/shop\/produkt\/enzo-pellini-ledertapete-2\/\",\"name\":\"Enzo Pellini Ledertapete Marron - Merget-Raumausstattung Mainaschaff\",\"isPartOf\":{\"@id\":\"https:\/\/www.merget-raum.de\/shop\/#website\"},\"primaryImageOfPage\":{\"@id\":\"https:\/\/www.merget-raum.de\/shop\/produkt\/enzo-pellini-ledertapete-2\/#primaryimage\"},\"image\":{\"@id\":\"https:\/\/www.merget-raum.de\/shop\/produkt\/enzo-pellini-ledertapete-2\/#primaryimage\"},\"thumbnailUrl\":\"https:\/\/www.merget-raum.de\/shop\/wp-content\/uploads\/2019\/10\/ENZO-PELLINI-MARRON-lederen-wand-gr\u00f6\u00dfer.jpg\",\"datePublished\":\"2019-10-01T07:31:38+00:00\",\"dateModified\":\"2026-01-30T10:59:43+00:00\",\"description\":\"Enzo Pellini Ledertapete Marron - Merget-Raumausstattung Mainaschaff\",\"breadcrumb\":{\"@id\":\"https:\/\/www.merget-raum.de\/shop\/produkt\/enzo-pellini-ledertapete-2\/#breadcrumb\"},\"inLanguage\":\"de\",\"potentialAction\":[{\"@type\":\"ReadAction\",\"target\":[\"https:\/\/www.merget-raum.de\/shop\/produkt\/enzo-pellini-ledertapete-2\/\"]}]},{\"@type\":\"ImageObject\",\"inLanguage\":\"de\",\"@id\":\"https:\/\/www.merget-raum.de\/shop\/produkt\/enzo-pellini-ledertapete-2\/#primaryimage\",\"url\":\"https:\/\/www.merget-raum.de\/shop\/wp-content\/uploads\/2019\/10\/ENZO-PELLINI-MARRON-lederen-wand-gr\u00f6\u00dfer.jpg\",\"contentUrl\":\"https:\/\/www.merget-raum.de\/shop\/wp-content\/uploads\/2019\/10\/ENZO-PELLINI-MARRON-lederen-wand-gr\u00f6\u00dfer.jpg\",\"width\":940,\"height\":1280,\"caption\":\"Bild Enzo-Pellini-Marron\"},{\"@type\":\"BreadcrumbList\",\"@id\":\"https:\/\/www.merget-raum.de\/shop\/produkt\/enzo-pellini-ledertapete-2\/#breadcrumb\",\"itemListElement\":[{\"@type\":\"ListItem\",\"position\":1,\"name\":\"Startseite\",\"item\":\"https:\/\/www.merget-raum.de\/shop\/\"},{\"@type\":\"ListItem\",\"position\":2,\"name\":\"Shop\",\"item\":\"https:\/\/www.merget-raum.de\/shop\/\"},{\"@type\":\"ListItem\",\"position\":3,\"name\":\"Enzo Pellini Ledertapete Marron\"}]},{\"@type\":\"WebSite\",\"@id\":\"https:\/\/www.merget-raum.de\/shop\/#website\",\"url\":\"https:\/\/www.merget-raum.de\/shop\/\",\"name\":\"Merget-Raumausstattung Mainaschaff\",\"description\":\"Raumausstattung Merget Fachmarkt Mainaschaff &amp; Aschaffenburg\",\"potentialAction\":[{\"@type\":\"SearchAction\",\"target\":{\"@type\":\"EntryPoint\",\"urlTemplate\":\"https:\/\/www.merget-raum.de\/shop\/?s={search_term_string}\"},\"query-input\":{\"@type\":\"PropertyValueSpecification\",\"valueRequired\":true,\"valueName\":\"search_term_string\"}}],\"inLanguage\":\"de\"}]}<\/script>\n<!-- \/ Yoast SEO plugin. -->","yoast_head_json":{"title":"Enzo Pellini Ledertapete Marron - Merget-Raumausstattung Mainaschaff","description":"Enzo Pellini Ledertapete Marron - Merget-Raumausstattung Mainaschaff","robots":{"index":"index","follow":"follow","max-snippet":"max-snippet:-1","max-image-preview":"max-image-preview:large","max-video-preview":"max-video-preview:-1"},"canonical":"https:\/\/www.merget-raum.de\/shop\/produkt\/enzo-pellini-ledertapete-2\/","og_locale":"de_DE","og_type":"article","og_title":"Enzo Pellini Ledertapete Marron - Merget-Raumausstattung Mainaschaff","og_description":"Enzo Pellini Ledertapete Marron - Merget-Raumausstattung Mainaschaff","og_url":"https:\/\/www.merget-raum.de\/shop\/produkt\/enzo-pellini-ledertapete-2\/","og_site_name":"Merget-Raumausstattung Mainaschaff","article_modified_time":"2026-01-30T10:59:43+00:00","og_image":[{"width":940,"height":1280,"url":"https:\/\/www.merget-raum.de\/shop\/wp-content\/uploads\/2019\/10\/ENZO-PELLINI-MARRON-lederen-wand-gr\u00f6\u00dfer.jpg","type":"image\/jpeg"}],"twitter_card":"summary_large_image","twitter_misc":{"Gesch\u00e4tzte Lesezeit":"1\u00a0Minute"},"schema":{"@context":"https:\/\/schema.org","@graph":[{"@type":"WebPage","@id":"https:\/\/www.merget-raum.de\/shop\/produkt\/enzo-pellini-ledertapete-2\/","url":"https:\/\/www.merget-raum.de\/shop\/produkt\/enzo-pellini-ledertapete-2\/","name":"Enzo Pellini Ledertapete Marron - Merget-Raumausstattung Mainaschaff","isPartOf":{"@id":"https:\/\/www.merget-raum.de\/shop\/#website"},"primaryImageOfPage":{"@id":"https:\/\/www.merget-raum.de\/shop\/produkt\/enzo-pellini-ledertapete-2\/#primaryimage"},"image":{"@id":"https:\/\/www.merget-raum.de\/shop\/produkt\/enzo-pellini-ledertapete-2\/#primaryimage"},"thumbnailUrl":"https:\/\/www.merget-raum.de\/shop\/wp-content\/uploads\/2019\/10\/ENZO-PELLINI-MARRON-lederen-wand-gr\u00f6\u00dfer.jpg","datePublished":"2019-10-01T07:31:38+00:00","dateModified":"2026-01-30T10:59:43+00:00","description":"Enzo Pellini Ledertapete Marron - Merget-Raumausstattung Mainaschaff","breadcrumb":{"@id":"https:\/\/www.merget-raum.de\/shop\/produkt\/enzo-pellini-ledertapete-2\/#breadcrumb"},"inLanguage":"de","potentialAction":[{"@type":"ReadAction","target":["https:\/\/www.merget-raum.de\/shop\/produkt\/enzo-pellini-ledertapete-2\/"]}]},{"@type":"ImageObject","inLanguage":"de","@id":"https:\/\/www.merget-raum.de\/shop\/produkt\/enzo-pellini-ledertapete-2\/#primaryimage","url":"https:\/\/www.merget-raum.de\/shop\/wp-content\/uploads\/2019\/10\/ENZO-PELLINI-MARRON-lederen-wand-gr\u00f6\u00dfer.jpg","contentUrl":"https:\/\/www.merget-raum.de\/shop\/wp-content\/uploads\/2019\/10\/ENZO-PELLINI-MARRON-lederen-wand-gr\u00f6\u00dfer.jpg","width":940,"height":1280,"caption":"Bild Enzo-Pellini-Marron"},{"@type":"BreadcrumbList","@id":"https:\/\/www.merget-raum.de\/shop\/produkt\/enzo-pellini-ledertapete-2\/#breadcrumb","itemListElement":[{"@type":"ListItem","position":1,"name":"Startseite","item":"https:\/\/www.merget-raum.de\/shop\/"},{"@type":"ListItem","position":2,"name":"Shop","item":"https:\/\/www.merget-raum.de\/shop\/"},{"@type":"ListItem","position":3,"name":"Enzo Pellini Ledertapete Marron"}]},{"@type":"WebSite","@id":"https:\/\/www.merget-raum.de\/shop\/#website","url":"https:\/\/www.merget-raum.de\/shop\/","name":"Merget-Raumausstattung Mainaschaff","description":"Raumausstattung Merget Fachmarkt Mainaschaff &amp; Aschaffenburg","potentialAction":[{"@type":"SearchAction","target":{"@type":"EntryPoint","urlTemplate":"https:\/\/www.merget-raum.de\/shop\/?s={search_term_string}"},"query-input":{"@type":"PropertyValueSpecification","valueRequired":true,"valueName":"search_term_string"}}],"inLanguage":"de"}]}},"_links":{"self":[{"href":"https:\/\/www.merget-raum.de\/shop\/wp-json\/wp\/v2\/product\/7105","targetHints":{"allow":["GET"]}}],"collection":[{"href":"https:\/\/www.merget-raum.de\/shop\/wp-json\/wp\/v2\/product"}],"about":[{"href":"https:\/\/www.merget-raum.de\/shop\/wp-json\/wp\/v2\/types\/product"}],"replies":[{"embeddable":true,"href":"https:\/\/www.merget-raum.de\/shop\/wp-json\/wp\/v2\/comments?post=7105"}],"wp:featuredmedia":[{"embeddable":true,"href":"https:\/\/www.merget-raum.de\/shop\/wp-json\/wp\/v2\/media\/7106"}],"wp:attachment":[{"href":"https:\/\/www.merget-raum.de\/shop\/wp-json\/wp\/v2\/media?parent=7105"}],"wp:term":[{"taxonomy":"product_brand","embeddable":true,"href":"https:\/\/www.merget-raum.de\/shop\/wp-json\/wp\/v2\/product_brand?post=7105"},{"taxonomy":"product_cat","embeddable":true,"href":"https:\/\/www.merget-raum.de\/shop\/wp-json\/wp\/v2\/product_cat?post=7105"},{"taxonomy":"product_tag","embeddable":true,"href":"https:\/\/www.merget-raum.de\/shop\/wp-json\/wp\/v2\/product_tag?post=7105"}],"curies":[{"name":"wp","href":"https:\/\/api.w.org\/{rel}","templated":true}]}}