{"id":5384,"date":"2019-05-15T18:04:41","date_gmt":"2019-05-15T16:04:41","guid":{"rendered":"https:\/\/www.merget-raum.de\/produkt\/eijffinger-tapeten-panel-masterpiece-358123-shimmering-pastell\/"},"modified":"2021-11-19T10:33:25","modified_gmt":"2021-11-19T09:33:25","slug":"eijffinger-tapeten-panel-masterpiece-358123-shimmering-pastell","status":"publish","type":"product","link":"https:\/\/www.merget-raum.de\/shop\/produkt\/eijffinger-tapeten-panel-masterpiece-358123-shimmering-pastell\/","title":{"rendered":"Eijffinger Tapeten Panel Masterpiece 358123 &#8211; Shimmering (Pastell)"},"content":{"rendered":"<p>Der hochwertige Digitaldruck des Wandpanels 358123 verhindert, dass die Farben mit den wei\u00dfen Flecken verschwimmen und erm\u00f6glicht eine st\u00e4rkere Wirkung. Die scheinbar planlose Verteilung der Farben und Striche hat ein Ziel, eine schimmernde Wirkung. Die unz\u00e4hligen Flecken des Wandpanels verschwimmen f\u00fcr das Auge, und die Kanten zwischen ihnen erzeugen dann dieses fast schon magische Flimmern mit der bewegten Wirkung. Lassen Sie sich \u00fcberraschen von dem traumhaften Schimmern des Wandpanels Shimmering pastel 358123 von Eijffinger!<\/p>\n","protected":false},"excerpt":{"rendered":"<p>Das digital gedruckte Masterpiece Wandpanel Shimmering pastel 358123 von Eijffinger zeigt die ungeahnte Wirkung vieler einzelner Pinselstriche zusammen.<\/p>\n","protected":false},"featured_media":5381,"comment_status":"open","ping_status":"closed","template":"","meta":[],"product_brand":[],"product_cat":[179],"product_tag":[],"class_list":{"0":"post-5384","1":"product","2":"type-product","3":"status-publish","4":"has-post-thumbnail","6":"product_cat-tapeten","7":"product_shipping_class-1-3-werktagen","8":"pa_abmessung-280-x-93-cm","9":"pa_ean-975","10":"pa_farbe-pastell","11":"pa_filterfarbe-bunt","12":"pa_hersteller-eijffinger","13":"pa_kollektion-masterpiece","14":"pa_marke-eijffinger","15":"pa_material-vlies","16":"pa_muster-design-dekor-abstrakt","18":"first","19":"instock","20":"taxable","21":"shipping-taxable","22":"purchasable","23":"product-type-simple"},"yoast_head":"<!-- This site is optimized with the Yoast SEO plugin v27.2 - https:\/\/yoast.com\/product\/yoast-seo-wordpress\/ -->\n<title>Eijffinger Tapeten Panel Masterpiece 358123 - Shimmering (Pastell) - Merget-Raumausstattung Mainaschaff<\/title>\n<meta name=\"description\" content=\"Eijffinger Tapeten Panel Masterpiece 358123 - Shimmering (Pastell) - Merget-Raumausstattung Mainaschaff\" \/>\n<meta name=\"robots\" content=\"index, follow, max-snippet:-1, max-image-preview:large, max-video-preview:-1\" \/>\n<link rel=\"canonical\" href=\"https:\/\/www.merget-raum.de\/shop\/produkt\/eijffinger-tapeten-panel-masterpiece-358123-shimmering-pastell\/\" \/>\n<meta property=\"og:locale\" content=\"de_DE\" \/>\n<meta property=\"og:type\" content=\"article\" \/>\n<meta property=\"og:title\" content=\"Eijffinger Tapeten Panel Masterpiece 358123 - Shimmering (Pastell) - Merget-Raumausstattung Mainaschaff\" \/>\n<meta property=\"og:description\" content=\"Eijffinger Tapeten Panel Masterpiece 358123 - Shimmering (Pastell) - Merget-Raumausstattung Mainaschaff\" \/>\n<meta property=\"og:url\" content=\"https:\/\/www.merget-raum.de\/shop\/produkt\/eijffinger-tapeten-panel-masterpiece-358123-shimmering-pastell\/\" \/>\n<meta property=\"og:site_name\" content=\"Merget-Raumausstattung Mainaschaff\" \/>\n<meta property=\"article:modified_time\" content=\"2021-11-19T09:33:25+00:00\" \/>\n<meta property=\"og:image\" content=\"https:\/\/www.merget-raum.de\/shop\/wp-content\/uploads\/2019\/05\/eijffinger-eijffinger-tapeten-panel-masterpiece-358123-shimmering-pastell.jpg\" \/>\n\t<meta property=\"og:image:width\" content=\"459\" \/>\n\t<meta property=\"og:image:height\" content=\"1382\" \/>\n\t<meta property=\"og:image:type\" content=\"image\/jpeg\" \/>\n<meta name=\"twitter:card\" content=\"summary_large_image\" \/>\n<script type=\"application\/ld+json\" class=\"yoast-schema-graph\">{\"@context\":\"https:\/\/schema.org\",\"@graph\":[{\"@type\":\"WebPage\",\"@id\":\"https:\/\/www.merget-raum.de\/shop\/produkt\/eijffinger-tapeten-panel-masterpiece-358123-shimmering-pastell\/\",\"url\":\"https:\/\/www.merget-raum.de\/shop\/produkt\/eijffinger-tapeten-panel-masterpiece-358123-shimmering-pastell\/\",\"name\":\"Eijffinger Tapeten Panel Masterpiece 358123 - Shimmering (Pastell) - Merget-Raumausstattung Mainaschaff\",\"isPartOf\":{\"@id\":\"https:\/\/www.merget-raum.de\/shop\/#website\"},\"primaryImageOfPage\":{\"@id\":\"https:\/\/www.merget-raum.de\/shop\/produkt\/eijffinger-tapeten-panel-masterpiece-358123-shimmering-pastell\/#primaryimage\"},\"image\":{\"@id\":\"https:\/\/www.merget-raum.de\/shop\/produkt\/eijffinger-tapeten-panel-masterpiece-358123-shimmering-pastell\/#primaryimage\"},\"thumbnailUrl\":\"https:\/\/www.merget-raum.de\/shop\/wp-content\/uploads\/2019\/05\/eijffinger-eijffinger-tapeten-panel-masterpiece-358123-shimmering-pastell.jpg\",\"datePublished\":\"2019-05-15T16:04:41+00:00\",\"dateModified\":\"2021-11-19T09:33:25+00:00\",\"description\":\"Eijffinger Tapeten Panel Masterpiece 358123 - Shimmering (Pastell) - Merget-Raumausstattung Mainaschaff\",\"breadcrumb\":{\"@id\":\"https:\/\/www.merget-raum.de\/shop\/produkt\/eijffinger-tapeten-panel-masterpiece-358123-shimmering-pastell\/#breadcrumb\"},\"inLanguage\":\"de\",\"potentialAction\":[{\"@type\":\"ReadAction\",\"target\":[\"https:\/\/www.merget-raum.de\/shop\/produkt\/eijffinger-tapeten-panel-masterpiece-358123-shimmering-pastell\/\"]}]},{\"@type\":\"ImageObject\",\"inLanguage\":\"de\",\"@id\":\"https:\/\/www.merget-raum.de\/shop\/produkt\/eijffinger-tapeten-panel-masterpiece-358123-shimmering-pastell\/#primaryimage\",\"url\":\"https:\/\/www.merget-raum.de\/shop\/wp-content\/uploads\/2019\/05\/eijffinger-eijffinger-tapeten-panel-masterpiece-358123-shimmering-pastell.jpg\",\"contentUrl\":\"https:\/\/www.merget-raum.de\/shop\/wp-content\/uploads\/2019\/05\/eijffinger-eijffinger-tapeten-panel-masterpiece-358123-shimmering-pastell.jpg\",\"width\":459,\"height\":1382},{\"@type\":\"BreadcrumbList\",\"@id\":\"https:\/\/www.merget-raum.de\/shop\/produkt\/eijffinger-tapeten-panel-masterpiece-358123-shimmering-pastell\/#breadcrumb\",\"itemListElement\":[{\"@type\":\"ListItem\",\"position\":1,\"name\":\"Startseite\",\"item\":\"https:\/\/www.merget-raum.de\/shop\/\"},{\"@type\":\"ListItem\",\"position\":2,\"name\":\"Shop\",\"item\":\"https:\/\/www.merget-raum.de\/shop\/\"},{\"@type\":\"ListItem\",\"position\":3,\"name\":\"Eijffinger Tapeten Panel Masterpiece 358123 &#8211; Shimmering (Pastell)\"}]},{\"@type\":\"WebSite\",\"@id\":\"https:\/\/www.merget-raum.de\/shop\/#website\",\"url\":\"https:\/\/www.merget-raum.de\/shop\/\",\"name\":\"Merget-Raumausstattung Mainaschaff\",\"description\":\"Raumausstattung Merget Fachmarkt Mainaschaff &amp; Aschaffenburg\",\"potentialAction\":[{\"@type\":\"SearchAction\",\"target\":{\"@type\":\"EntryPoint\",\"urlTemplate\":\"https:\/\/www.merget-raum.de\/shop\/?s={search_term_string}\"},\"query-input\":{\"@type\":\"PropertyValueSpecification\",\"valueRequired\":true,\"valueName\":\"search_term_string\"}}],\"inLanguage\":\"de\"}]}<\/script>\n<!-- \/ Yoast SEO plugin. -->","yoast_head_json":{"title":"Eijffinger Tapeten Panel Masterpiece 358123 - Shimmering (Pastell) - Merget-Raumausstattung Mainaschaff","description":"Eijffinger Tapeten Panel Masterpiece 358123 - Shimmering (Pastell) - Merget-Raumausstattung Mainaschaff","robots":{"index":"index","follow":"follow","max-snippet":"max-snippet:-1","max-image-preview":"max-image-preview:large","max-video-preview":"max-video-preview:-1"},"canonical":"https:\/\/www.merget-raum.de\/shop\/produkt\/eijffinger-tapeten-panel-masterpiece-358123-shimmering-pastell\/","og_locale":"de_DE","og_type":"article","og_title":"Eijffinger Tapeten Panel Masterpiece 358123 - Shimmering (Pastell) - Merget-Raumausstattung Mainaschaff","og_description":"Eijffinger Tapeten Panel Masterpiece 358123 - Shimmering (Pastell) - Merget-Raumausstattung Mainaschaff","og_url":"https:\/\/www.merget-raum.de\/shop\/produkt\/eijffinger-tapeten-panel-masterpiece-358123-shimmering-pastell\/","og_site_name":"Merget-Raumausstattung Mainaschaff","article_modified_time":"2021-11-19T09:33:25+00:00","og_image":[{"width":459,"height":1382,"url":"https:\/\/www.merget-raum.de\/shop\/wp-content\/uploads\/2019\/05\/eijffinger-eijffinger-tapeten-panel-masterpiece-358123-shimmering-pastell.jpg","type":"image\/jpeg"}],"twitter_card":"summary_large_image","schema":{"@context":"https:\/\/schema.org","@graph":[{"@type":"WebPage","@id":"https:\/\/www.merget-raum.de\/shop\/produkt\/eijffinger-tapeten-panel-masterpiece-358123-shimmering-pastell\/","url":"https:\/\/www.merget-raum.de\/shop\/produkt\/eijffinger-tapeten-panel-masterpiece-358123-shimmering-pastell\/","name":"Eijffinger Tapeten Panel Masterpiece 358123 - Shimmering (Pastell) - Merget-Raumausstattung Mainaschaff","isPartOf":{"@id":"https:\/\/www.merget-raum.de\/shop\/#website"},"primaryImageOfPage":{"@id":"https:\/\/www.merget-raum.de\/shop\/produkt\/eijffinger-tapeten-panel-masterpiece-358123-shimmering-pastell\/#primaryimage"},"image":{"@id":"https:\/\/www.merget-raum.de\/shop\/produkt\/eijffinger-tapeten-panel-masterpiece-358123-shimmering-pastell\/#primaryimage"},"thumbnailUrl":"https:\/\/www.merget-raum.de\/shop\/wp-content\/uploads\/2019\/05\/eijffinger-eijffinger-tapeten-panel-masterpiece-358123-shimmering-pastell.jpg","datePublished":"2019-05-15T16:04:41+00:00","dateModified":"2021-11-19T09:33:25+00:00","description":"Eijffinger Tapeten Panel Masterpiece 358123 - Shimmering (Pastell) - Merget-Raumausstattung Mainaschaff","breadcrumb":{"@id":"https:\/\/www.merget-raum.de\/shop\/produkt\/eijffinger-tapeten-panel-masterpiece-358123-shimmering-pastell\/#breadcrumb"},"inLanguage":"de","potentialAction":[{"@type":"ReadAction","target":["https:\/\/www.merget-raum.de\/shop\/produkt\/eijffinger-tapeten-panel-masterpiece-358123-shimmering-pastell\/"]}]},{"@type":"ImageObject","inLanguage":"de","@id":"https:\/\/www.merget-raum.de\/shop\/produkt\/eijffinger-tapeten-panel-masterpiece-358123-shimmering-pastell\/#primaryimage","url":"https:\/\/www.merget-raum.de\/shop\/wp-content\/uploads\/2019\/05\/eijffinger-eijffinger-tapeten-panel-masterpiece-358123-shimmering-pastell.jpg","contentUrl":"https:\/\/www.merget-raum.de\/shop\/wp-content\/uploads\/2019\/05\/eijffinger-eijffinger-tapeten-panel-masterpiece-358123-shimmering-pastell.jpg","width":459,"height":1382},{"@type":"BreadcrumbList","@id":"https:\/\/www.merget-raum.de\/shop\/produkt\/eijffinger-tapeten-panel-masterpiece-358123-shimmering-pastell\/#breadcrumb","itemListElement":[{"@type":"ListItem","position":1,"name":"Startseite","item":"https:\/\/www.merget-raum.de\/shop\/"},{"@type":"ListItem","position":2,"name":"Shop","item":"https:\/\/www.merget-raum.de\/shop\/"},{"@type":"ListItem","position":3,"name":"Eijffinger Tapeten Panel Masterpiece 358123 &#8211; Shimmering (Pastell)"}]},{"@type":"WebSite","@id":"https:\/\/www.merget-raum.de\/shop\/#website","url":"https:\/\/www.merget-raum.de\/shop\/","name":"Merget-Raumausstattung Mainaschaff","description":"Raumausstattung Merget Fachmarkt Mainaschaff &amp; Aschaffenburg","potentialAction":[{"@type":"SearchAction","target":{"@type":"EntryPoint","urlTemplate":"https:\/\/www.merget-raum.de\/shop\/?s={search_term_string}"},"query-input":{"@type":"PropertyValueSpecification","valueRequired":true,"valueName":"search_term_string"}}],"inLanguage":"de"}]}},"_links":{"self":[{"href":"https:\/\/www.merget-raum.de\/shop\/wp-json\/wp\/v2\/product\/5384","targetHints":{"allow":["GET"]}}],"collection":[{"href":"https:\/\/www.merget-raum.de\/shop\/wp-json\/wp\/v2\/product"}],"about":[{"href":"https:\/\/www.merget-raum.de\/shop\/wp-json\/wp\/v2\/types\/product"}],"replies":[{"embeddable":true,"href":"https:\/\/www.merget-raum.de\/shop\/wp-json\/wp\/v2\/comments?post=5384"}],"wp:featuredmedia":[{"embeddable":true,"href":"https:\/\/www.merget-raum.de\/shop\/wp-json\/wp\/v2\/media\/5381"}],"wp:attachment":[{"href":"https:\/\/www.merget-raum.de\/shop\/wp-json\/wp\/v2\/media?parent=5384"}],"wp:term":[{"taxonomy":"product_brand","embeddable":true,"href":"https:\/\/www.merget-raum.de\/shop\/wp-json\/wp\/v2\/product_brand?post=5384"},{"taxonomy":"product_cat","embeddable":true,"href":"https:\/\/www.merget-raum.de\/shop\/wp-json\/wp\/v2\/product_cat?post=5384"},{"taxonomy":"product_tag","embeddable":true,"href":"https:\/\/www.merget-raum.de\/shop\/wp-json\/wp\/v2\/product_tag?post=5384"}],"curies":[{"name":"wp","href":"https:\/\/api.w.org\/{rel}","templated":true}]}}